{"id":129180,"date":"2025-06-02T13:29:19","date_gmt":"2025-06-02T13:29:19","guid":{"rendered":"https:\/\/www.betcha.pa\/mas\/?page_id=129180"},"modified":"2025-07-14T08:38:16","modified_gmt":"2025-07-14T08:38:16","slug":"copa-mundial-de-clubes-de-la-fifa","status":"publish","type":"page","link":"https:\/\/www.betcha.pa\/mas\/promociones\/copa-mundial-de-clubes-de-la-fifa\/","title":{"rendered":"COPA MUNDIAL DE CLUBES DE LA FIFA"},"content":{"rendered":"\n<p>Se Parte del Club de los Ganadores<\/p>\n\n\n\n<p>\u00a1Reclama hasta $25 en apuestas gratis y 50 giros gratis durante la Copa Mundial de Clubes de la FIFA!<br>Apuesta $25 en apuestas simples o combinadas entre el domingo a las 00:01 y el s\u00e1bado a las 23:59 en la Copa Mundial de Clubes de la FIFA: \u00a1Recibe 10 Giros Gratis y $5 Apuesta Gratis cada lunes durante el torneo!<br>\u00a1La oferta est\u00e1 disponible para reclamar una vez por semana durante el Torneo de la Copa Mundial de Clubes de la FIFA!<br>Adem\u00e1s, si completas las 4 semanas de clasificaci\u00f3n, te daremos 10 giros gratis adicionales y una apuesta gratis de $5 el lunes 14 de julio.<\/p>\n\n\n\n<p style=\"font-size:26px\"><strong><em>T\u00e9rminos y Condiciones:<\/em><\/strong><\/p>\n\n\n\n<ol class=\"wp-block-list\">\n<li>Los jugadores deben apostar $25 en apuestas simples o acumuladas entre el domingo a las 00:01 y el s\u00e1bado a las 23:59. (Calendario de clasificaci\u00f3n completo en numeral 4)<\/li>\n\n\n\n<li>Las apuestas simples o acumuladas en cualquier partido de la Copa Mundial de Clubes de la FIFA calificar\u00e1n para esta oferta, con probabilidades m\u00ednimas de 2.00 (+100) para apuestas simples o probabilidades m\u00ednimas acumuladas de 4.00 (+500) para apuestas acumuladas.<\/li>\n\n\n\n<li>Las apuestas previas al partido y en vivo calificar\u00e1n para esta promoci\u00f3n.<\/li>\n\n\n\n<li>La oferta est\u00e1 disponible para reclamar una vez por semana durante el Torneo de la Copa Mundial de Clubes de la FIFA.\n<ul class=\"wp-block-list\">\n<li>Fechas de clasificaci\u00f3n:\n<ul class=\"wp-block-list\">\n<li>Domingo 15 de Junio \u200b\u200b00:01 hasta el s\u00e1bado 21 de Junio \u200b\u200b23:59.<\/li>\n\n\n\n<li>Domingo 22 de Junio \u200b\u200b00:01 hasta el s\u00e1bado 28 de Junio \u200b\u200b23:59.<\/li>\n\n\n\n<li>Domingo 29 de Junio \u200b\u200b00:01 hasta el s\u00e1bado 5 de Julio 23:59.<\/li>\n\n\n\n<li>Domingo 6 de Julio 00:01 hasta el domingo 13 de Julio 23:59.<\/li>\n<\/ul>\n<\/li>\n<\/ul>\n<\/li>\n\n\n\n<li>Las apuestas gratuitas est\u00e1n condicionados a participaci\u00f3n. El importe m\u00e1ximo que se puede retirar como ganancias netas del bono es de $100.<\/li>\n\n\n\n<li>Los bonos de Apuestas Gratis y Giros Gratis se emitir\u00e1n los lunes antes de las 23:59<\/li>\n\n\n\n<li>La apuesta gratuita se acreditar\u00e1 una vez liquidada la apuesta clasificatoria.<\/li>\n\n\n\n<li>Las apuestas gratuitas se pueden utilizar para apuestas combinadas y simples.<\/li>\n\n\n\n<li>La apuesta gratis de $5 no se puede dividir en diferentes apuestas. Solo se puede usar en una apuesta simple o combinada.<\/li>\n\n\n\n<li>Las apuestas gratuitas solo est\u00e1n disponibles para los mercados previos al partido.<\/li>\n\n\n\n<li>La apuesta gratuita caducar\u00e1 dentro de los 7 d\u00edas posteriores a su acreditaci\u00f3n.<\/li>\n\n\n\n<li>Los jugadores deben aceptar el bono de giros gratis al iniciar sesi\u00f3n.<\/li>\n\n\n\n<li>Los 10 giros gratis solo se pueden canjear en la tragamonedas Football Cash Collect.<\/li>\n\n\n\n<li>El valor de cada giro gratis es de $0,10.<\/li>\n\n\n\n<li>Los giros gratis caducar\u00e1n dentro de los 7 d\u00edas posteriores a la acreditaci\u00f3n.<\/li>\n\n\n\n<li>Todas las ganancias obtenidas con los giros gratuitos tienen un requisito de apuesta de cuarenta (40) veces el valor de las ganancias m\u00e1s los giros, para poder realizar una solicitud de retiro.<\/li>\n\n\n\n<li>El valor m\u00e1ximo de ganancia al que el usuario podr\u00e1 acceder luego de liberar el bono promocional obtenido por las Giros Gratis ser\u00e1 de $100.<\/li>\n\n\n\n<li>Betcha.pa se reserva el derecho de cancelar el bono y cualquier ganancia en caso de que sospeche que los clientes poseen registros de cuentas duplicadas con el \u00fanico prop\u00f3sito de reclamar este bono.<\/li>\n\n\n\n<li>Cualquier apuesta calificada que sea cobrada o nula no calificar\u00e1 para esta oferta.<\/li>\n\n\n\n<li>El importe de la apuesta gratuita no se devolver\u00e1 con ninguna ganancia.<\/li>\n\n\n\n<li>Al solicitar un retiro de las ganancias del bono, deber\u00e1 enviar los documentos necesarios para validar su cuenta y procesar su retiro.<\/li>\n\n\n\n<li>Los bonos no est\u00e1n disponibles si una transacci\u00f3n de retiro se encuentra pendiente.<\/li>\n\n\n\n<li>Cualquier bono restante sin utilizar al t\u00e9rmino de este periodo, ser\u00e1 retirado de la cuenta del usuario.<\/li>\n\n\n\n<li>Si desea realizar un retiro antes de cumplir con los requisitos de apuesta, se perder\u00e1 su ganancia acumulada, el monto de la bonificaci\u00f3n y la oferta de bono.<\/li>\n\n\n\n<li>Betcha.pa se reserva el derecho de dar de baja o modificar las condiciones de esta promoci\u00f3n en caso de presentarse alguna intermitencia t\u00e9cnica, tecnol\u00f3gica, ajena a nuestro funcionamiento durante el desarrollo de la actividad, en donde se notificar\u00e1 al usuario dicha novedad, respetando los premios logrados por los participantes.<\/li>\n\n\n\n<li>Betcha.pa se reserva el derecho para solicitar alg\u00fan dato, informaci\u00f3n, documento o comprobante adicional a efectos de validar la identidad del usuario, confirmar la titularidad de la cuenta y legitimidad de las apuestas realizadas, para hacer efectiva la acreditaci\u00f3n del bono promocional.<\/li>\n\n\n\n<li>Para los usuarios participantes en donde se detecte alg\u00fan movimiento o transacci\u00f3n dudosa a ra\u00edz del Bono Promocional obtenido en esta promoci\u00f3n, sea de forma individual o en grupo, Betcha.pa podr\u00e1 prescindir la entrega del premio y suspender sus cuentas de juego con el fin de verificar su identidad y la veracidad de la informaci\u00f3n suministrada al momento del registro en la plataforma.<\/li>\n\n\n\n<li>Aplican los t\u00e9rminos y condiciones de bonos Betcha.pa.<\/li>\n\n\n\n<li>Jugar Responsablemente tambi\u00e9n es parte del juego.<\/li>\n<\/ol>\n\n\n\n<p><\/p>\n","protected":false},"excerpt":{"rendered":"<p>Se Parte del Club de los Ganadores \u00a1Reclama hasta $25 en apuestas gratis y 50 giros gratis durante la Copa Mundial de Clubes de la FIFA!Apuesta $25 en apuestas simples o combinadas entre el domingo a las 00:01 y el s\u00e1bado a las 23:59 en la Copa Mundial de Clubes de la FIFA: \u00a1Recibe 10 [&hellip;]<\/p>\n","protected":false},"author":38,"featured_media":129188,"parent":38,"menu_order":0,"comment_status":"closed","ping_status":"closed","template":"","meta":{"_acf_changed":false,"footnotes":""},"categories":[],"class_list":["post-129180","page","type-page","status-publish","has-post-thumbnail","hentry"],"acf":[],"_links":{"self":[{"href":"https:\/\/www.betcha.pa\/mas\/wp-json\/wp\/v2\/pages\/129180","targetHints":{"allow":["GET"]}}],"collection":[{"href":"https:\/\/www.betcha.pa\/mas\/wp-json\/wp\/v2\/pages"}],"about":[{"href":"https:\/\/www.betcha.pa\/mas\/wp-json\/wp\/v2\/types\/page"}],"author":[{"embeddable":true,"href":"https:\/\/www.betcha.pa\/mas\/wp-json\/wp\/v2\/users\/38"}],"replies":[{"embeddable":true,"href":"https:\/\/www.betcha.pa\/mas\/wp-json\/wp\/v2\/comments?post=129180"}],"version-history":[{"count":1,"href":"https:\/\/www.betcha.pa\/mas\/wp-json\/wp\/v2\/pages\/129180\/revisions"}],"predecessor-version":[{"id":129181,"href":"https:\/\/www.betcha.pa\/mas\/wp-json\/wp\/v2\/pages\/129180\/revisions\/129181"}],"up":[{"embeddable":true,"href":"https:\/\/www.betcha.pa\/mas\/wp-json\/wp\/v2\/pages\/38"}],"wp:featuredmedia":[{"embeddable":true,"href":"https:\/\/www.betcha.pa\/mas\/wp-json\/wp\/v2\/media\/129188"}],"wp:attachment":[{"href":"https:\/\/www.betcha.pa\/mas\/wp-json\/wp\/v2\/media?parent=129180"}],"wp:term":[{"taxonomy":"category","embeddable":true,"href":"https:\/\/www.betcha.pa\/mas\/wp-json\/wp\/v2\/categories?post=129180"}],"curies":[{"name":"wp","href":"https:\/\/api.w.org\/{rel}","templated":true}]}}